t is -2 (base 6) in base 16?
-2
What is -1 (base 3) in base 2?
-1
-11 (base 6) to base 10
-7
-1 (base 12) to base 7
-1
What is -3 (base 8) in base 4?
-3
Convert -61 (base 7) to base 5.
-133
Convert -1b (base 13) to base 5.
-44
Convert 3 (base 5) to base 4.
3
Convert 20 (base 11) to base 6.
34
What is 11 (base 4) in base 10?
5
43 (base 6) to base 7
36
What is -178 (base 13) in base 11?
-224
Convert 4 (base 10) to base 9.
4
What is 6 (base 12) in base 16?
6
What is -8 (base 12) in base 3?
-22
What is 11 (base 4) in base 16?
5
Convert -d (base 16) to base 12.
-11
What is 1 (base 7) in base 15?
1
Convert -5 (base 11) to base 4.
-11
-23 (base 8) to base 15
-14
What is 2 (base 7) in base 13?
2
Convert 2032 (base 4) to base 6.
354
What is 12 (base 4) in base 3?
20
Convert -3 (base 16) to base 10.
-3
What is -110 (base 2) in base 5?
-11
2 (base 7) to base 11
2
Convert 3 (base 9) to base 3.
10
Convert 4 (base 11) to base 10.
4
What is -5 (base 11) in base 7?
-5
0 (base 6) to base 5
0
What is -3 (base 5) in base 15?
-3
Convert 4 (base 15) to base 3.
11
Convert 4 (base 14) to base 9.
4
Convert -5 (base 6) to base 5.
-10
What is -4 (base 5) in base 12?
-4
-78 (base 9) to base 10
-71
-181 (base 9) to base 6
-414
What is -6 (base 9) in base 11?
-6
What is 2 (base 15) in base 3?
2
Convert 17 (base 9) to base 16.
10
Convert 1 (base 4) to base 3.
1
What is -8 (base 11) in base 7?
-11
Convert -1 (base 14) to base 3.
-1
What is 25 (base 15) in base 3?
1022
336 (base 7) to base 10
174
2 (base 5) to base 8
2
What is 3 (base 11) in base 13?
3
10 (base 12) to base 9
13
What is -5 (base 6) in base 15?
-5
What is -10 (base 9) in base 8?
-11
Convert -1301 (base 6) to base 7.
-643
-4 (base 12) to base 15
-4
Convert -54 (base 11) to base 8.
-73
Convert 76 (base 9) to base 12.
59
0 (base 15) to base 13
0
21 (base 5) to base 13
b
Convert 2 (base 3) to base 7.
2
Convert 136 (base 11) to base 4.
2200
What is -4 (base 10) in base 9?
-4
Convert -27a (base 12) to base 4.
-11332
-1 (base 10) to base 9
-1
Convert 8 (base 13) to base 5.
13
-40 (base 8) to base 10
-32
What is 47 (base 13) in base 15?
3e
What is -1 (base 7) in base 9?
-1
What is -3 (base 14) in base 16?
-3
-6 (base 13) to base 9
-6
Convert 88 (base 12) to base 9.
125
Convert 201 (base 4) to base 9.
36
Convert -2120 (base 3) to base 5.
-234
What is 11 (base 3) in base 14?
4
What is -28 (base 16) in base 10?
-40
Convert -2 (base 5) to base 15.
-2
Convert -4b (base 14) to base 16.
-43
Convert 10 (base 2) to base 13.
2
Convert -3 (base 7) to base 9.
-3
Convert -3 (base 10) to base 13.
-3
Convert -11 (base 5) to base 8.
-6
Convert -242 (base 8) to base 6.
-430
101110 (base 2) to base 12
3a
100 (base 4) to base 6
24
Convert 20 (base 6) to base 3.
110
Convert -10 (base 6) to base 13.
-6
212 (base 3) to base 4
113
Convert -12 (base 9) to base 15.
-b
Convert 1d (base 14) to base 13.
21
0 (base 10) to base 4
0
-3 (base 8) to base 16
-3
Convert 3 (base 5) to base 7.
3
-10 (base 3) to base 13
-3
-7 (base 15) to base 12
-7
22 (base 3) to base 2
1000
241 (base 5) to base 11
65
Convert -1 (base 11) to base 3.
-1
Convert -152 (base 6) to base 16.
-44
What is -4 (base 14) in base 5?
-4
Convert -46 (base 12) to base 7.
-105
What is -97 (base 14) in base 6?
-341
What is 15 (base 11) in base 15?
11
What is 38 (base 16) in base 6?
132
Convert -34 (base 12) to base 5.
-130
Convert -10011 (base 3) to base 5.
-320
-2 (base 15) to base 4
-2
Convert -2 (base 4) to base 6.
-2
Convert 21 (base 5) to base 10.
11
-1 (base 14) to base 4
-1
What is -110 (base 2) in base 7?
-6
What is 3 (base 5) in base 12?
3
4 (base 5) to base 8
4
Convert -2 (base 7) to base 11.
-2
Convert -2 (base 6) to base 11.
-2
-c (base 13) to base 15
-c
What is -101110 (base 2) in base 10?
-46
What is -2121 (base 3) in base 5?
-240
What is -22 (base 6) in base 8?
-16
-9 (base 11) to base 5
-14
167 (base 9) to base 8
216
-31 (base 7) to base 11
-20
Convert -2 (base 11) to base 16.
-2
What is -7 (base 9) in base 13?
-7
-111 (base 7) to base 12
-49
Convert -3 (base 9) to base 8.
-3
-9 (base 13) to base 2
-1001
Convert -15 (base 8) to base 13.
-10
What is 22 (base 3) in base 7?
11
-3 (base 8) to base 3
-10
What is 300 (base 6) in base 9?
130
Convert -6 (base 12) to base 2.
-110
32 (base 5) to base 2
10001
What is 25 (base 14) in base 9?
36
1 (base 10) to base 9
1
What is -65 (base 10) in base 11?
-5a
145 (base 10) to base 14
a5
What is 2 (base 10) in base 11?
2
-1011110 (base 2) to base 4
-1132
Convert -20 (base 8) to base 7.
-22
What is 10 (base 2) in base 15?
2
What is -422 (base 5) in base 12?
-94
-2 (base 7) to base 6
-2
140 (base 6) to base 12
50
What is 4b (base 12) in base 8?
73
-16a (base 12) to base 2
-11100010
a (base 14) to base 11
a
Convert 7 (base 15) to base 5.
12
23 (base 15) to base 6
53
Convert 1 (base 4) to base 7.
1
2 (base 12) to base 15
2
-2 (base 8) to base 14
-2
Convert -9 (base 10) to base 14.
-9
Convert 32 (base 7) to base 3.
212
143 (base 5) to base 8
60
What is 11 (base 10) in base 5?
21
3 (base 16) to base 12
3
What is 6 (base 8) in base 16?
6
-13 (base 8) to base 3
-102
11122 (base 3) to base 16
7d
58 (base 11) to base 3
2100
Convert 10000 (base 2) to base 14.
12
1 (base 10) to base 6
1
-6 (base 9) to base 2
-110
d (base 14) to base 12
11
Convert 3 (base 8) to base 4.
3
15 (base 12) to base 6
25
da (base 16) to base 6
1002
Convert -2 (base 12) to base 13.
-2
What is 46 (base 12) in base 2?
110110
-5 (base 15) to base 10
-5
-51 (base 8) to base 11
-38
61 (base 10) to base 6
141
Convert -13 (base 5) to base 15.
-8
What is -69 (base 12) in base 7?
-144
Convert 4 (base 11) to base 5.
4
What is 2 (base 9) in base 3?
2
Convert 0 (base 9) to base 14.
0
145 (base 6) to base 2
1000001
Convert 21 (base 5) to base 11.
10
Convert 6 (base 7) to base 2.
110
What is -15 (base 12) in base 6?
-25
-10 (base 11) to base 6
-15
What is -2 (base 7) in base 2?
-10
What is 76 (base 10) in base 13?
5b
-122 (base 6) to base 16
-32
What is 12 (base 6) in base 11?
8
-14 (base 5) to base 3
-100
Convert -d7 (base 16) to base 2.
-11010111
Convert -41 (base 8) to base 4.
-201
What is 6 (base 13) in base 16?
6
Convert -111 (base 3) to base 8.
-15
230 (base 4) to base 14
32
4 (base 12) to base 4
10
-31 (base 4) to base 9
-14
What is 2 (base 6) in base 14?
2
What is -7 (base 12) in base 9?
-7
Convert -1 (base 14) to base 12.
-1
14 (base 6) to base 16
a
Convert -21 (base 5) to base 6.
-15
What is -3 (base 15) in base 11?
-3
What is 3 (base 15) in base 2?
11
-c (base 13) to base 15
-c
What is d (base 15) in base 9?
14
Convert 107 (base 13) to base 14.
c8
3003 (base 4) to base 6
523
1d (base 14) to base 3
1000
114 (base 10) to base 6
310
-172 (base 8) to base 4
-1322
Convert 1c (base 14) to base 13.
20
Convert 7 (base 12) to base 6.
11
Convert 15 (base 14) to base 12.
17
What is 2312 (base 4) in base 2?
10110110
What is -5 (base 14) in base 8?
-5
What is 66 (base 13) in base 9?
103
1011001 (base 2) to base 10
89
124 (base 10) to base 12
a4
-5 (base 13) to base 16
-5
What is -133 (base 6) in base 14?
-41
Convert -30 (base 4) to base 3.
-110
-4 (base 9) to base 5
-4
What is -2 (base 13) in base 4?
-2
-2f (base 16) to base 6
-115
0 (base 8) to base 2
0
ab (base 15) to base 14
b7
What is 19 (base 11) in base 6?
32
189 (base 11) to base 10
218
Convert -10333 (base 4) to base 7.
-634
What is -1 (base 6) in base 12?
-1
18 (base 13) to base 12
19
What is -25 (base 12) in base 2?
-11101
Convert -33 (base 8) to base 15.
-1c
-3 (base 8) to base 13
-3
Convert a (base 12) to base 8.
12
What is -7 (base 8) in base 12?
-7
Convert 2100 (base 4) to base 9.
170
What is -5 (base 7) in base 12?
-5
What is 41 (base 9) in base 13?
2b
What is 1 (base 9) in base 8?
1
1110101 (base 2) to base 7
225
Convert -109 (base 16) to base 10.
-265
-56 (base 15) to base 7
-144
5 (base 14) to base 6
5
Convert 3 (base 7) to base 8.
3
21 (base 15) to base 8
37
Convert 1 (base 5) to base 14.
1
-411 (base 6) to base 12
-107
Convert -3 (base 9) to base 11.
-3
What is -3 (base 4) in base 8?
-3
Convert 121 (base 4) to base 3.
221
What is -10 (base 2) in base 11?
-2
Convert 13 (base 16) to base 7.
25
52 (base 6) to base 13
26
3 (base 7) to base 14
3
Convert 102 (base 3) to base 16.
b
What is 1 (base 14) in base 9?
1
Convert -2